s the remainder when a is divided by 9/((-4)/(24/x))?
4
What is the remainder when 26 is divided by (-20)/25 + 59/5?
4
Let u = -1309 - -1329. Let r(a) = a**2 + a + 74. What is the remainder when r(0) is divided by u?
14
Let a = -37 + 63. Suppose 3 - 12 = s. What is the remainder when a is divided by (-114)/s + (-8)/(-6)?
12
Let x = 43 - 88. Let f = x - -64. Calculate the remainder when 35 is divided by f.
16
Let c(r) = 5*r - 40. Suppose 38 = -3*m + 11. Calculate the remainder when c(10) is divided by (m - -11)/(1/2).
2
Suppose 3*p + 2*p + 8 = 4*v, 4*p = -3*v + 6. Suppose p = 12*m + 2*m - 210. What is the remainder when 34 is divided by m?
4
Calculate the remainder when 467/(3 + (-10)/5) is divided by 47.
44
Let v(r) = -35*r**3 - r**2. Suppose 116 = 8*a + 12. What is the remainder when v(-1) is divided by a?
8
Let m = -168 + 326. Suppose -5*h + m = g - 161, 4*g - 188 = -3*h. Suppose 2*n = -5*c + h + 88, 0 = n + 2*c - 75. What is the remainder when n is divided by 36?
35
Suppose -3*c = 2*c - 265. Suppose 5*t - 22 = c. Calculate the remainder when 58 is divided by t.
13
Suppose 0 = -5*j + 3*s + 13, 4*j - 13 = -s - 6. Suppose 181 = 3*b + 5*k, -b - 3*b + j*k = -224. What is the remainder when b is divided by 15?
12
Let z = -140 - -147. Calculate the remainder when 30 is divided by (-5)/(-2)*((-56)/(-5))/z.
2
Let z(s) be the first derivative of -s**4/4 + 3*s**3 - 9*s**2/2 + 12*s - 38. Let r = -44 - -67. Calculate the remainder when r is divided by z(8).
3
Let y be -14*1 + (0 - 1). Let o(x) = 2*x**2 + 13*x - 11. Let l be o(-7). Let m = l - y. Calculate the remainder when 32 is divided by m.
10
Suppose 6*p - 4*p = 82. Let u = p - 16. Suppose 0 = 3*h - 0*h - 39. Calculate the remainder when u is divided by h.
12
Let i = 121 + -210. Let q = i - -152. What is the remainder when q is divided by 11?
8
Let l(c) = -7*c**2 - 87*c + 166. Let b be 75/27 - (-4)/18. Suppose 3*n - 10 = -2*n, n + 136 = b*s. Calculate the remainder when s is divided by l(-14).
10
Suppose 0 = 2*k - 9 - 27. Let i(r) = -r**3 + 4*r**2 + 18*r + 25. What is the remainder when i(-3) is divided by k?
16
What is the remainder when (-8 - (4 - 15))*21 is divided by 20?
3
Let m(q) = -q + 2. Let r be m(-2). Suppose -r*u = -2*d - 48, -u - d + 9 = -0*u. What is the remainder when (3/(((-243)/24)/9))/(12/(-288)) is divided by u?
9
Suppose -5*m - 2*h + 372 = 0, 48*m - 47*m = 4*h + 70. What is the remainder when m is divided by (-10)/3*-1*6?
14
Let f(o) = -4*o - 68. What is the remainder when 271 is divided by f(-24)?
19
Suppose 0 = 2*z - 3*o - 139, -o - 5 = 4*o. Calculate the remainder when z is divided by (-1)/((-47)/23 + 2).
22
Let x(a) = 3*a**2 + 6*a + 8. Suppose -9 = -5*d - 34. Suppose -56 + 1 = -3*l - w, -4*w = -l + 14. What is the remainder when x(d) is divided by l?
17
Let n be ((-242)/6)/(11/33). Let y = -58 - n. Calculate the remainder when y is divided by 13.
11
Let z(y) = -36*y**3 - 2*y - 1. Let i(o) = o + 8. Let n be i(-9). What is the remainder when z(n) is divided by 10?
7
Suppose -2*t = u + 42, -3 + 8 = 5*t. Let j = -25 - u. What is the remainder when j is divided by 4*(-20)/(-16) - -2?
5
Suppose -2*f = d - 288, -5*f - 2*d + 320 + 399 = 0. Calculate the remainder when f is divided by 32.
15
Let b = -86 + 120. Let f = 6 - -2. What is the remainder when b is divided by f?
2
Let l be (2 - 5)*-2*4/8. Suppose -9 = -4*z + l. Calculate the remainder when 8 is divided by z.
2
Let w(v) = v**2 + 81*v - 308. What is the remainder when w(-86) is divided by 36?
14
Suppose 2*g = 4*p + 100, 61*g + 2*p + 142 = 64*g. Calculate the remainder when 188 is divided by g.
4
Let w(p) = -4*p**3 - p**2 - p - 1. Let m be w(3). Let c = -60 - m. What is the remainder when c is divided by 16?
13
Let w(k) = 5*k + 42. Calculate the remainder when 72 is divided by w(-6).
0
Suppose 9*n + 1 = 10*n. Let d be -2 + n/((-2)/240). Let q = 179 + d. Calculate the remainder when q is divided by 20.
17
Let u(j) = -14*j - 25. Let d be u(-13). Suppose 0*f - 5*f + 3*r + 307 = 0, d = 3*f + 5*r. What is the remainder when f is divided by 20?
19
Let p(c) = 5*c**2 - 2*c. Let o(v) = -v**2 - 20*v - 3. What is the remainder when o(-16) is divided by p(2)?
13
Suppose 5*n + 138 = 2*n. Let o = n - -67. What is the remainder when 83 is divided by o?
20
Let k(w) = w + 2*w**2 - w**2 + 354*w**3 - 333*w**3 - 1. Suppose 31 = 2*d - 0*d + 5*g, 5*g = 2*d - 1. Calculate the remainder when k(1) is divided by d.
6
Let a(l) = -l**2 + 5. Let v(m) = -m**2 - 5*m - 4. Let w be v(-4). Calculate the remainder when a(w) is divided by ((-32)/(-20))/(4/10).
1
Suppose n + 140 = 136, -n + 261 = 5*c. What is the remainder when 206 is divided by c?
47
Let i(m) = -16*m**3 + 3*m**2 - m - 2. Let r(o) = 2*o**2 - 9*o - 7. What is the remainder when r(7) is divided by i(-1)?
10
Let w(t) = -t**3 + 17*t**2 - 11. Let q be w(17). Let o(y) = -y**2 - 13*y - 5. What is the remainder when 48 is divided by o(q)?
14
Let w(g) = -21*g - 7. Let y(d) = d. Let u(j) = w(j) - y(j). What is the remainder when u(-4) is divided by 21?
18
Let d be (8/3)/(2/9). Suppose -17*v + 709 = d. What is the remainder when 161 is divided by v?
38
Let u = -4701 - -4705. Suppose -3*n + m - 89 = -7*n, 5*n - m = 100. What is the remainder when n is divided by u?
1
Let w = 132 + -298. Let z = 349 + w. What is the remainder when z is divided by 37?
35
Let b = -33 + 81. What is the remainder when 88 is divided by b?
40
Suppose 16 = -7*a + 44. Let k = 3 + -2. Suppose -5*j = -a*j - k. Calculate the remainder when j is divided by 1.
0
Suppose 0 = -y + l + 35, 3*y - 9*l - 106 = -5*l. What is the remainder when 63 is divided by y?
29
Let j = 471 + -328. Suppose 11 = 3*b - 3*v - 49, 0 = -4*b + 2*v + 88. Calculate the remainder when j is divided by b.
23
Let d(b) = b**2 - 3*b - 6. Let m = 0 + 7. Calculate the remainder when d(m) is divided by 13.
9
Let l be 2/9 - (-4 + 55/45). Suppose -52 = -2*s - 5*c, 6*s - 2*s + l*c = 76. Calculate the remainder when 46 is divided by s.
14
Suppose 5*h - 141 - 9 = 0. Calculate the remainder when h is divided by 7.
2
What is the remainder when 146 is divided by (-6)/(0 + (-6)/30)?
26
Let k(c) = c + c**2 - 93*c**3 - 85*c**3 + 128*c**3. What is the remainder when k(-1) is divided by (-74)/(-6) + (-10)/(-15)?
11
Suppose 0 = -d - 3*d + 132. Calculate the remainder when d is divided by (7 + -13)*(1 + -3).
9
Let n(v) = -17*v - 168. Calculate the remainder when n(-15) is divided by 16.
7
Let i = 74 - -30. Let t = -8676 + 8691. Calculate the remainder when i is divided by t.
14
Let k = 2 - -16. Let u be 1 - (0 - -3) - -28. What is the remainder when 4718/91 + 4/u is divided by k?
16
Let s = -607 + 1241. What is the remainder when s is divided by 49?
46
Let d = 1042 - 1004. Calculate the remainder when 74 is divided by d.
36
Suppose -2*x + 15 = 3*x. Suppose -x - 1 = -a. What is the remainder when a/(-8) - 45/(-6) is divided by 4?
3
Suppose 289 = 4*q + 5*l, 292 = -q + 5*q + 4*l. Calculate the remainder when 2962 is divided by q.
74
Let f(c) = c**2 - 34*c + 16. Calculate the remainder when f(34) is divided by 10.
6
Suppose -6*d = -58 - 134. What is the remainder when 93 is divided by d?
29
Suppose 10*u = 5*u - l + 904, 2*l = -5*u + 908. Suppose 0 = 5*s - 65 - u. Let b = s + 2. What is the remainder when b is divided by 27?
24
Let c = -44 - -49. Suppose -3*y = -c*v + 57, -16 = 5*v - 5*y - 81. What is the remainder when 8/(-32) - (-65)/4 is divided by v?
7
Suppose -q - q = -30. Suppose t = 6*t - q. Suppose -2*k - 22 = -t*n, 4*n + n - 36 = 3*k. What is the remainder when 16 is divided by n?
4
Let d(q) = -9*q - 31. Let i(g) = 14*g + 47. Let s(f) = 8*d(f) + 5*i(f). What is the remainder when ((-2)/6)/((-2)/156) is divided by s(-10)?
5
Suppose -5*v + 20 = -v. Suppose -v*o = -3*m - 221, 0*o = -2*o - m + 95. Calculate the remainder when o is divided by 24.
22
Suppose -45*t + 31 = -419. Suppose 67 + 31 = 2*g. Calculate the remainder when g is divided by t.
9
What is the remainder when (-38)/(8/(-24) - (-4)/48) is divided by 31?
28
Suppose -3*u - u = -16. Suppose -k - 5*l = -u, 2*l = 5*k + l - 20. Suppose -k*g - 1 = -85. Calculate the remainder when 61 is divided by g.
19
Suppose 0*n - 71 = -3*n + 2*z, -50 = -2*n + 2*z. What is the remainder when (-7 + -5)/(2/(-52)*3) is divided by n?
20
Let c = -7 -